er when g is divided by k?
7
Suppose t = -2*q + 11 + 4, 6 = -q - 5*t. Suppose -r + q + 14 = 0. What is the remainder when 68 is divided by r?
22
Let h(o) = 45*o - 2. Calculate the remainder when h(3) is divided by 27.
25
Suppose -2*j + 8 = -2*u, 0*j + 5*j - 3*u - 26 = 0. Let x = 3 + -2. What is the remainder when (-22)/(-1) - 2/x is divided by j?
6
Suppose 0*c = 3*c - 6. Suppose 3*q - 4*j = 18, 0 = -q - 3*j - c*j - 13. What is the remainder when q is divided by 2/10*(10 + -5)?
0
Let k(l) = l - 1. Calculate the remainder when k(20) is divided by 11.
8
Suppose 291 = 5*u + 31. Let l(a) = a + 4. Let b be l(-4). Suppose -h + 17 + 1 = b. Calculate the remainder when u is divided by h.
16
Let p(l) = -l**2 - 14*l + 15. Let z be p(-12). Calculate the remainder when 2/2*(z - 2) is divided by 10.
7
Calculate the remainder when (-1 - -1) + (8 - -3) is divided by 153/27 + 2/6.
5
Suppose 39*a - 43*a = -20. What is the remainder when a is divided by 4?
1
Suppose -60 + 170 = 11*n. Calculate the remainder when 48 is divided by n.
8
Suppose 4*y + 4 = 8. What is the remainder when 2 is divided by y?
0
Let v = 34 + -27. What is the remainder when 17 is divided by v?
3
Let s = -90 - -168. Calculate the remainder when s is divided by 30.
18
Let u = -8 - -4. Calculate the remainder when 25 is divided by u*1/(-4)*9.
7
Suppose -2*a = -31 + 7. Calculate the remainder when a is divided by 5.
2
Let t be (-103)/5 - (-16)/(-40). Let i be (-99)/t + (-2)/(-7). Suppose -2*j - 4*g = -34, -i*g + 30 = j - 2. What is the remainder when 12 is divided by j?
5
Suppose 0 = y - 44. Suppose 105 = -3*u + 10*u. Calculate the remainder when y is divided by u.
14
Let z = 15 + -15. Suppose 3*f + z*h + h = 14, -4*h + 32 = 4*f. Suppose -2*r = 2*r - 4. What is the remainder when f is divided by r?
0
Let v(z) = z**3 + 3*z**2 + 2*z + 3. Let n be v(-2). Suppose 0 = -p + n. What is the remainder when 9 is divided by p?
0
Suppose -2*v - 2*v + 28 = 0. Let c = 51 + -49. What is the remainder when v is divided by c?
1
Calculate the remainder when (-4)/(-24)*-4*-3 is divided by 1.
0
Let n(c) = -5*c + 9. Let a(z) = z - 1. Let d(h) = 6*a(h) + n(h). Suppose 0 = -7*m - m + 88. What is the remainder when m is divided by d(4)?
4
Let r = -96 - -133. What is the remainder when 144 is divided by r?
33
Let x = -48 + 68. Calculate the remainder when 94 is divided by x.
14
Let z(q) = -q**3 + 6*q**2 - 6. What is the remainder when 36 is divided by z(5)?
17
Let k = -1 - -17. What is the remainder when k is divided by 10?
6
Suppose 5 = 4*m - 3. Let f = 4 - m. Suppose 0 = 5*x + 4 + 11, -f*x = 5*z - 74. What is the remainder when 47 is divided by z?
15
Suppose 4*p = n - 0*p - 4, -4*n + 16 = 4*p. Suppose 2*y = -n*r, -10 = -0*y + y + 4*r. Let q = 14 + -10. Calculate the remainder when y is divided by q.
2
Let n(o) = -o**3 + 8*o**2 + o - 5. Let k be n(8). Let a(x) = 5*x**3. Calculate the remainder when a(1) is divided by k + (-2 + 5 - 3).
2
Suppose 0*k + k = -4*i + 13, 3*k - 2*i = 53. What is the remainder when 31 is divided by k?
14
Suppose 3*y = 2*h - y - 36, 5*h - 4*y = 84. What is the remainder when 57 is divided by h?
9
Let c = -9 + 35. What is the remainder when c is divided by 9?
8
Let o(u) = -u**3 + 3*u**2 - u - 2. Let h be o(2). Suppose h = y - 3*y + 24. What is the remainder when 35 is divided by y?
11
Suppose -4*l = -48 - 56. Calculate the remainder when l is divided by 10.
6
Suppose 3*s - 42 - 50 = -5*d, -2*d = -s - 28. What is the remainder when 110 is divided by d?
14
Suppose -4 + 8 = 4*s. Calculate the remainder when 2 is divided by s.
0
Suppose -u + 2*u = 23. Suppose 2*m + 2 = 3*v + 6, -3*v - 2 = -4*m. Calculate the remainder when u is divided by 111/9 + m/3.
11
Suppose 2*c - 4*c = -46. What is the remainder when 44 is divided by c?
21
Suppose 0 = 4*f - 9 - 3. Suppose 3*g + 139 = 5*h - 60, -f*h + 2*g + 120 = 0. What is the remainder when h is divided by (32/20)/(4/50)?
18
Suppose c + g = -3*g - 15, g = -3*c + 10. Calculate the remainder when 12 is divided by c.
2
Let d = 16 + -8. Suppose -3*x + 40 = 5*h, -4*x - 4*h + 40 + 8 = 0. Let u = 31 - x. What is the remainder when u is divided by d?
5
Let q(j) be the second derivative of j**3/3 + j**2/2 - j. Calculate the remainder when 25 is divided by q(3).
4
Suppose 4*i - 40 - 16 = 0. Let h be (1 - -2*1)*1. Let r = h + 5. Calculate the remainder when i is divided by r.
6
Calculate the remainder when 9 is divided by (-1224)/(-198) - (-2)/(-11).
3
Let o be 31/5 + 5/(-25). What is the remainder when 122/o - (-4)/6 is divided by 11?
10
Suppose 3*x - v - 58 = 0, 6*v = 3*x + 2*v - 70. Suppose -2*u = 2*l - 8 - 2, u - l = 13. Suppose k - 1 = u. What is the remainder when x is divided by k?
8
Suppose 3*k = -2*i + 59 + 40, -243 = -4*i + 3*k. What is the remainder when i is divided by 15?
12
Let r(s) = -4*s + 3. Let k(x) = 2*x + 2. Let b be k(6). Suppose -4*o + 18 + b = 0. What is the remainder when r(-3) is divided by o?
7
Let p(o) = -o**2 + 3*o + 1. Let h be p(2). Suppose -3*g + 15 = h*z, 3*z + z = 2*g - 28. What is the remainder when 15 is divided by g?
7
Suppose h + 8 - 20 = 0. Calculate the remainder when 70 is divided by h.
10
Let u be 11 - -1 - (1 - 1). Suppose u - 77 = -5*w. Let a = 12 - 5. Calculate the remainder when w is divided by a.
6
Suppose c = 4*r - c - 2, 0 = 4*c + 4. Suppose -5*l + l + 36 = r. Calculate the remainder when l is divided by 5.
4
Suppose -2 = x - 1, 0 = 4*u - x - 5. Let z = u - -5. Let d(b) = b**3 - 3*b**2 + 2*b - 2. Calculate the remainder when z is divided by d(3).
2
Let i = 13 - -62. Calculate the remainder when i is divided by 26.
23
Suppose -5*w + 4 = -6. Suppose -3*k = w*k. Suppose k = -4*m - 2*a + 94 + 2, -38 = -m + 3*a. Calculate the remainder when m is divided by 9.
8
Let x = 48 - 10. Calculate the remainder when x is divided by 10.
8
What is the remainder when (1/4)/((-2)/(-536)) is divided by 17?
16
Suppose l = 2*l - 79. Calculate the remainder when l is divided by 27.
25
Let m = 5 - 1. Let j(r) = -r**2 + 3*r + 4. Let g be j(m). Suppose 0 = -g*w + 4*w - 24. What is the remainder when 22 is divided by w?
4
Let o(x) be the first derivative of 4 + 11/2*x**2 + 0*x. Calculate the remainder when o(5) is divided by 19.
17
Let r be 1/(-4) + (-87)/(-12). Suppose 4*y - 1 - r = 0. What is the remainder when 1 is divided by (2/4)/(y/4)?
0
Let q = -37 + 70. Calculate the remainder when q is divided by 18.
15
Suppose -2*h - 10 = -0*h. Let r(z) = 5*z**2 + 7. Let u be r(h). Suppose 4*q - 4*v = u, 0 = -3*q + v + 4*v + 89. Calculate the remainder when q is divided by 20.
18
Let q be 16/6 + (-3)/(-9). Suppose q*s - 33 = -3*c - 0*c, -s = 2*c - 22. What is the remainder when c is divided by 4?
3
Let r = -203 - -383. Suppose v - 5*y = 8, -2*v - 3*v - 3*y = -r. Suppose 2*w - v = 19. What is the remainder when w is divided by 9?
8
Let k be ((-6)/3)/(1/(-2)). Suppose 14 = v + k. Let y(h) = -h**2 - 6*h - 2. Calculate the remainder when v is divided by y(-4).
4
Suppose 5*s - 36 + 16 = 0. Let w = -2 - -3. What is the remainder when (-5)/(-1) + 1 + w is divided by s?
3
Suppose 0 = c - 2*j - 79 - 1, -2*c + 162 = -3*j. What is the remainder when c is divided by 29?
26
Suppose -3*f - f = -4. Let c = f - -16. Calculate the remainder when c is divided by 6.
5
Let s(g) = g**2 + g + 3. What is the remainder when s(4) is divided by 12?
11
Let t be (10/4)/(2/4). Suppose 10 = s + 3*o + o, -t*o = -10. Calculate the remainder when 7 is divided by (s - 0)/(2/3).
1
Suppose -80 + 5 = -u. Calculate the remainder when u is divided by 19.
18
Let x = 66 - -9. What is the remainder when x is divided by 11?
9
Suppose -3*j = -j + 108. Let h = j + 101. Calculate the remainder when h is divided by 16.
15
Suppose 2*m = 3*v - 84, 28 = v - 6*m + 2*m. Suppose -5*k + 62 = -v. What is the remainder when k is divided by 4/10 + 0 + (-576)/(-60)?
8
Calculate the remainder when 2/9 + (1155/27 - -2) is divided by 12.
9
Let d = -33 + 2. Suppose -5*h + 177 = -83. Let s = h + d. What is the remainder when s is divided by 8?
5
Let m = -8 - -13. Suppose -3*h = -0*h + m*l - 39, h = 2*l + 24. Calculate the remainder when 34 is divided by h.
16
Let k be (16/3)/(2/9). Suppose 7*a - 10 = 5*a. Suppose 2*l + 34 = 3*j, -a*j + 16 + k = 5*l. Calculate the remainder when 28 is divided by j.
8
What is the r